)/((-2)/r). Calculate the greatest common divisor of t and 20.
10
Suppose 112*v = 121*v - 4158. Calculate the highest common divisor of v and 858.
66
Suppose 4*j = 6*j + 62. Let z = j + 29. Let r be z - (-1 + -49 + -4). What is the highest common factor of r and 130?
26
Let o(c) = 2*c - 15. Let u be o(12). Suppose -3*s = -u*s + 90. Suppose 0 = 9*p - 0*p - 54. What is the highest common factor of s and p?
3
Let m = -15513 - -15939. What is the highest common divisor of 12567 and m?
213
Suppose -a + 25 = -s - 0*s, -3*s - 55 = -2*a. Suppose -51*w + 47*w + a = 0. Let p be 15/9*93 - w. What is the highest common divisor of 30 and p?
30
Let s be 12/18*-6 - 610. Let j = -558 - s. What is the greatest common divisor of j and 35?
7
Let x = -678 - -732. Suppose -11*o - 6*o + 102 = 0. What is the greatest common factor of x and o?
6
Let p(b) = b**2 - 13*b - 28. Let s = 58 - 43. Let f be p(s). Let q be f/(-3)*(9/6 + -3). What is the greatest common divisor of q and 5?
1
Let c = 28 - 62. Let s = c + 39. Suppose -s*i - 17 = -177. Calculate the greatest common divisor of 4 and i.
4
Let q be ((7 - (-3448)/(-20)) + -5)/(3/(-10)). What is the greatest common divisor of q and 2414?
142
Let w = 303 + -297. Suppose 0 = 3*m + 1 - 13. Let z(g) = -g**3 + 6*g**2 - 5*g - 3. Let o be z(m). What is the greatest common factor of w and o?
3
Let s = -4720 + 4751. What is the highest common divisor of s and 217?
31
Let a(b) be the first derivative of -b**3/3 - 3*b**2/2 + 17*b - 22. Let i be a(-9). Let f = i + 73. Calculate the greatest common factor of f and 24.
12
Let m = -4129 + 4191. Calculate the highest common divisor of 4 and m.
2
Let h(i) = -12*i**2 - 5*i - 17. Let d be h(7). Let y be (-3)/(12/d) + -2. Let a = -113 + y. Calculate the greatest common factor of a and 15.
15
Suppose 2*w = -2*l + 34, 26*w - 24*w - 3*l = 44. Calculate the greatest common divisor of w and 4503.
19
Suppose 724*h = 358*h + 363*h + 27. What is the greatest common factor of 219 and h?
3
Let m(x) = 2*x - x**3 + 877 + x**2 + 5*x**2 - 874. Let k be m(6). Calculate the greatest common factor of 245 and k.
5
Suppose -4*t = 5*p, 154*t - 158*t = -5*p - 40. What is the highest common factor of t and 256?
1
Let a be 3 + 0 + 2 + 4. Suppose 0 = -a*l + 8*l - 198. Let n be l*16/40*(-10)/6. Calculate the highest common factor of n and 12.
12
Let p = 196 - 111. Let v be 5999/49 - (1 + (-11)/7). Suppose 5*k - 4*s - 170 = 0, -5*k + 47 + v = 4*s. What is the highest common divisor of p and k?
17
Suppose -60*z - 681 + 3561 = 0. Calculate the greatest common divisor of 180 and z.
12
Let m be (-341)/5*(-284 - -174). What is the greatest common divisor of m and 62?
62
Let q = 391 - 427. Let n be q*(0 - 3/4). Let t = 32 + -23. What is the highest common factor of t and n?
9
Suppose -3*l + l - 21 = -d, 3*d = -5*l + 52. Suppose -c = -3*k + 928, 2*k - 5*c - 606 = 82. What is the highest common factor of d and k?
19
Suppose 5*r - 5*g = 55, -3*r + 4*g + 38 = 5. Suppose -r*o + 15*o = -100. Let h = -13 - o. Calculate the greatest common divisor of h and 3.
3
Let i = -8186 + 14647. Calculate the highest common divisor of 91 and i.
91
Let i = 32 - -28. Let d be (((-4)/(-14))/(912/(-5320)))/((-2)/18). Calculate the highest common factor of d and i.
15
Suppose 3*a - 320 - 293 = 2*d, -848 = -4*a - 5*d. Let o = -260917 - -260926. What is the greatest common factor of o and a?
9
Let m(g) be the second derivative of 11*g**3/6 - 203*g**2/2 - 7*g. Let d be m(22). Calculate the highest common factor of d and 91.
13
Let y be (-7 - (-12 - -5)) + 529. Suppose -5*o + h + y = 0, -o = -0*o - 3*h - 117. What is the highest common factor of 70 and o?
35
Suppose n = -2*y, 4*y + 3*n + 4 = -0. Suppose -38 = -d - 2*d - 5*q, y*d = -2*q + 20. Suppose -9*j = d*j - 60. Calculate the greatest common divisor of 16 and j.
4
Let g = -5 + 67. Suppose g = -3*s + 86. Let x = 128 - 96. What is the greatest common divisor of x and s?
8
Suppose 3*c + 46 = i, 2*c + 4086 = 3*i + 4004. Suppose -4*t - 2*b + 484 = 0, 2*b - 363 = -3*t - 2*b. Calculate the highest common divisor of i and t.
11
Let i(c) be the first derivative of -c**3/3 - 4*c**2 + 22*c - 9. Let n be i(-9). Let y = 116 - 64. Calculate the highest common divisor of y and n.
13
Let o = 251 + -90. Suppose -3*k - v - o = 4*v, -5*k - 239 = v. Let n = k - -57. Calculate the greatest common factor of n and 40.
10
Let o(v) = 5*v**2 - 18 - 2*v - 6*v - 3*v - 3*v**2. Let i be o(9). Calculate the greatest common factor of i and 405.
45
Let b be (6 - 25/10 - 2)*18. Let h be ((-4)/1)/(-2) - -25. What is the greatest common factor of h and b?
27
Suppose 20 = -2*h + 22. Suppose -h + 1 = -4*x. Suppose x = 2*i - 2*c - 18, -i + 3 = 3*c - 6. What is the greatest common factor of 9 and i?
9
Let d be -15*(-7)/21 + 250. Let x = 270 - d. Calculate the greatest common divisor of 25 and x.
5
Suppose -7*i = 22*i - 1102. Suppose i = 3*l - 14*u + 10*u, -2*u + 8 = 0. What is the highest common factor of l and 414?
18
Suppose -3*g = -4*a - 7*g + 3328, 3*g = -4*a + 3328. Calculate the greatest common factor of a and 65.
13
Let x be (-3039)/(-9) + (-52)/(-156). Suppose 3*s = 5*l - 133, 5*l - 2*s + 5*s - 127 = 0. Calculate the greatest common factor of x and l.
26
Let z = 428 + -368. What is the greatest common factor of z and 1660?
20
Let w be (-7 + -2 - -15) + 26. Suppose 27*d - v = w*d - 39, v - 15 = -2*d. Suppose r - 3*r = -144. What is the highest common divisor of r and d?
8
Let b(v) = 11*v**2 + 58*v + 11. Let d be b(-10). Calculate the highest common divisor of 1239 and d.
177
Let o be 4 + -1 + (-29*252)/(-6). Suppose v - o = 4*a, 7*v = 10*v + 2*a - 3677. Calculate the highest common factor of v and 25.
25
Let v(g) = 14*g + 15. Let t be v(-4). Let z = t - -45. Let h be -4*(z + -1)*-1. Calculate the greatest common factor of h and 36.
12
Let p(i) = 3054*i + 48870. Let o be p(-16). Let c(d) = -d**2 + 7*d + 7. Let y be c(7). What is the greatest common factor of o and y?
1
Suppose -3155*j = -3235*j + 5040. Let w(m) = 20*m**2 - 3*m + 3. Let u be w(2). What is the greatest common divisor of u and j?
7
Suppose 123*y = 113*y - 100. Let l be (-5838)/y + (-32)/40. What is the highest common factor of 53 and l?
53
Suppose -28848*a - 4480 = -28912*a. Calculate the highest common divisor of 4375 and a.
35
Suppose -507 = 5*w - 2. Let a = -155 - -58. Let g = a - w. Calculate the highest common factor of 20 and g.
4
Suppose -5*i = 5 - 20. Let s(r) = 8 - 4 - i*r + r. Let c be s(-8). What is the greatest common factor of c and 70?
10
Let p = -25 + 41. Let y(t) = -45*t + 23*t + p*t - t**2 + 19*t + 12. Let q be y(13). Calculate the highest common divisor of q and 96.
12
Let j = -134 - -195. Suppose -40 = -j*d + 57*d. Calculate the greatest common factor of 100 and d.
10
Let s be (-1 - 12/(-9))/((-5)/(-60)). Suppose -j + j = s*j. Suppose j = 7*m + 31 - 346. What is the greatest common divisor of 5 and m?
5
Suppose -11*x = 3*k - 13*x - 12, 2*k + x - 8 = 0. Let g be (-355)/426 - (-1066)/12. What is the highest common divisor of g and k?
4
Let s(n) = -2*n + 36. Let x be (-858)/(-55) + (-2)/(-5). Let f be s(x). Let g be f/26 + (-5180)/(-130). What is the highest common factor of 20 and g?
20
Let c = 16 + -14. Suppose -c*i - 2*i + 52 = 0. Suppose 3*j + 4*d = 214, -3*j + 6*j - 219 = -3*d. Calculate the highest common factor of i and j.
13
Let i = 17576 + -3280. Calculate the greatest common divisor of i and 8.
8
Suppose 4*n + 4*s - 2456 = 0, -143*n + s + 1210 = -141*n. Calculate the highest common divisor of n and 1672.
152
Let u = 242 - 77. Let v be 10/(-6) - 15/45. Let w be (-2)/(4/(-31)) - v/(-4). What is the greatest common divisor of u and w?
15
Suppose -35 = -57*n + 50*n. Suppose 17*u + 653 = 20*u - n*a, 3*a = -4*u + 890. Calculate the highest common factor of u and 34.
17
Let w = -793 + 1526. Suppose -13*r = -112 - w. What is the greatest common divisor of r and 143?
13
Suppose 3*j - 25723 = -2*s, -290*s + 292*s = -j + 25705. Calculate the greatest common factor of s and 146.
146
Let t(l) be the third derivative of -l**5/60 + 3*l**4/8 + 23*l**3/6 + 109*l**2. Let c be t(-2). What is the highest common divisor of c and 19?
1
Let f(i) = -i**3 - 38*i**2 - 35*i + 66. Let k be f(-37). Let d(c) = 7*c**2 + 51*c + 28. Let s be d(k). Calculate the gre